culate the greatest common factor of r and z.
39
Suppose -2*p + 2 + 6 = -2*l, 3*p + 4*l + 9 = 0. Let i = -153 + 155. Let a(h) = -11*h + 25. Let b be a(i). Calculate the greatest common factor of b and p.
1
Let a = 19294 + -4697. What is the greatest common factor of 11 and a?
11
Suppose -22*v + 6900 = -2*v. Suppose -9*i + 939 = v. Calculate the greatest common divisor of i and 165.
33
Let v = 91 - -35. Let g be (1 - v/(-10)) + (-2)/(-5). Let t be ((-7)/g)/(1/(-56)). Calculate the greatest common divisor of 42 and t.
14
Let g(k) = 17*k - 92 + 15 + 3*k. Let z be g(4). What is the highest common divisor of z and 69?
3
Let m = -44 + 46. Let h be (-24)/4 + m - -59. Let p = 63 - h. What is the greatest common divisor of 12 and p?
4
Let x be (402/4)/((39/2)/13). Suppose 8*w - 61 = x. Calculate the greatest common divisor of w and 64.
16
Suppose v - 3*v = -2*d + 470, 4*v + 934 = -2*d. Let h be 1/((-1176)/v + -5). What is the highest common divisor of h and 208?
13
Suppose 0 = -115*a + 21242 + 52128. Calculate the highest common factor of a and 44.
22
Let z(r) = r**2 + 31*r - 18. Let y be z(-31). Let u be (9/y)/(-1 - 241/(-242)). What is the greatest common divisor of 22 and u?
11
Suppose -115 = 3*s - 4*s. Suppose 4401*f - 4472*f + 13064 = 0. Calculate the greatest common divisor of s and f.
23
Let o(s) = -3*s + 98. Let y be o(32). Suppose y*i - 21 = 177. Calculate the greatest common factor of 22 and i.
11
Suppose -432 = -o + 4*j, -5*o + 1312 = -5*j - 803. Calculate the greatest common factor of 3612 and o.
84
Let v(n) = n**2 + 33*n + 228. Let x be v(-25). Let j(q) = 88*q**2 - 1. Let c be j(-1). Let s = c - 45. Calculate the greatest common divisor of x and s.
14
Let h(n) be the first derivative of -n**3/3 + 8*n**2 - 5*n + 40. Let f be h(15). Calculate the highest common factor of 75 and f.
5
Suppose -3*p - 5*i + 123 = 0, 27 - 168 = -4*p + i. What is the greatest common divisor of 1788 and p?
12
Let q be ((-528)/(-5))/(6 + 29/(-5)). Suppose 34*m - q = 28*m. What is the highest common divisor of m and 110?
22
Suppose -36*o - 291 = -2343. Suppose -54*w = -o*w + 39. Let p = -128 - -219. Calculate the highest common divisor of w and p.
13
Let r = -583 - -1115. Suppose r = 5*k - 398. Let h be (k/12)/(2/12). Calculate the greatest common divisor of h and 31.
31
Let c be 4/(-6)*(223 - 403). What is the greatest common divisor of c and 18?
6
Suppose 108 + 12 = 4*b. Let l be 3*40/12 - 4. Suppose l*x = 162 + b. What is the highest common factor of x and 288?
32
Let k be ((-100)/9)/(214/(-4815)) + 3. Calculate the greatest common divisor of k and 1610.
23
Suppose 121*q + 20210 = 70*q + 94*q. What is the highest common factor of 410 and q?
10
Suppose -12 = -3*u, 522 + 117 = 3*r + 3*u. Let a be (8/(-14))/((-160)/70 + 2). Let z be r/95 + a/(-10). What is the highest common factor of 14 and z?
2
Suppose 578*v - 600*v = 308. Suppose 5*i + n = -0*i - 10, -25 = 5*n. Let h be 4/v - ((-695)/7 + i). Calculate the highest common divisor of h and 25.
25
Suppose 0 = f + 4*f - 30. Suppose 292*j - 310*j + 486 = 0. Calculate the greatest common divisor of j and f.
3
Let j = 136 + -119. Let q(w) = 30*w - 30. Let v be q(j). Calculate the greatest common divisor of 30 and v.
30
Let h be -1*((-101)/(-3) - -2)*(-121 - -64). What is the greatest common divisor of 321 and h?
107
Suppose -55*x + 26853 - 6468 = 96*x. Calculate the greatest common factor of x and 3795.
15
Let d be (-5 + -299)/(-2 + -12)*14/4. Let w = -4 - -12. Calculate the highest common factor of d and w.
4
Let w(o) = -29*o**3 - 678*o**2 - 5480*o - 8. Let q be w(-8). Calculate the greatest common divisor of q and 63.
21
Suppose -14909 = -9*g + 15601. What is the greatest common divisor of 60 and g?
30
Suppose 3*s - 3*u - 24 = 5*u, -4*s - 3*u = -73. What is the greatest common divisor of 5872 and s?
16
Let i = -199 + 283. Calculate the highest common divisor of i and 12138.
42
Let a(t) = -6*t + 348. Let i be a(38). What is the highest common divisor of 8340 and i?
60
Suppose j = 11*j - 7*j - 54. Calculate the greatest common factor of j and 45.
9
Let f = 16681 - 16533. Calculate the greatest common factor of f and 29452.
148
Suppose -2242*c + 38779 = -2229*c. Calculate the greatest common divisor of 76 and c.
19
Suppose -4*u + 2438 = o, -16*o + 15*o + 2430 = 2*u. Calculate the highest common divisor of o and 14.
14
Let q(o) = o**3 + 12*o**2 + 9*o + 18. Let s be q(-5). Calculate the greatest common divisor of s and 592.
148
Let o(h) be the second derivative of -h**4/12 + 23*h**3/3 - 16*h**2 + 5*h - 18. Let l be o(45). Calculate the highest common divisor of l and 1079.
13
Suppose 2*h - b + 5 - 2 = 0, 3*b + 9 = 0. Let o be (-2)/h*(-279)/(-6) + 2. Suppose 4*n + 17 = o. Calculate the highest common divisor of n and 28.
4
Let f(l) be the third derivative of l**5/60 - 3*l**4/8 + 37*l**3/6 - 31*l**2 + l. Let u be f(7). Calculate the greatest common factor of u and 115.
23
Suppose 10*v + 3502 = 44*v. Let s = 120 - v. What is the highest common factor of s and 425?
17
Let l(p) = -p**3 + 11*p**2 + 2*p - 16. Let h be l(8). Suppose -5*j = 4*x - h, 74 - 218 = -3*x - 5*j. What is the highest common divisor of x and 112?
16
Let n = -53 + 54. Let b(k) = -k**3 - 10*k**2 - 4*k - 13. Let d be b(-10). What is the highest common factor of d and n?
1
Let b(x) = 4*x - 1. Suppose -73 = 5*l + 22. Let t = l + 28. Let s be b(t). What is the greatest common factor of s and 7?
7
Let d = 17 - -4. Suppose 334*k = 273*k + 2562. Calculate the greatest common factor of k and d.
21
Let g(n) = 2*n**2 + 113*n + 1705. Let j be g(-27). What is the greatest common divisor of j and 10?
2
Let d = 30 + -22. Let m(z) = -z**3 - 5*z**2 + z + 7. Let a be m(-5). Let x = d + a. What is the greatest common divisor of x and 80?
10
Suppose -21*n - 8 = -17*n. Let j be (-2 + -96)*2/(-4) - n. Let m = 91 - j. What is the highest common divisor of m and 160?
40
Suppose -6 = -40*b + 37*b. Let v be 6/(-15)*(-60)/b. Suppose -2*n - 9 - 5 = -4*o, -2*n + 10 = 4*o. Calculate the greatest common divisor of v and o.
3
Let r(o) = 519*o**2 - 2577*o + 3. Let i be r(5). What is the greatest common factor of i and 243?
3
Let m be 7/49 - 80/(-28). Let w be -8*-2*m/(-12) + 18. What is the greatest common divisor of w and 42?
14
Suppose -m + 254 = 46. Let x be ((-16)/(-12))/((-79)/816 - 64/(-544)). Calculate the greatest common divisor of x and m.
16
Suppose 3*q - 3*y - 135 = 0, -2*q - 2*y + 662 = 552. Calculate the highest common factor of 2600 and q.
50
Suppose 7*i - 10*i = -f - 81, 2*i - 5*f = 67. Let k be -3 + 0 + -1*448. Let h = -217 - k. Calculate the greatest common divisor of i and h.
26
Suppose -44*s = -9353 - 151. Suppose 3*p + 24 = -2*y + 94, 0 = -5*p + 4*y + 124. What is the greatest common factor of p and s?
24
Suppose -13*k + 166 = -511 - 415. Calculate the highest common divisor of 1876 and k.
28
Let k be 270/(-234) - -1*2/13. Let z be (k + -2 - 28/(-14)) + 5. Calculate the greatest common factor of 12 and z.
4
Let p = -170 - -173. Let k be ((-3)/2)/((-54)/252). Calculate the greatest common divisor of k and p.
1
Suppose -2*k - 115 + 13 = -5*i, 2*k + 58 = 3*i. Calculate the highest common divisor of i and 32758.
22
Suppose 3*i + 2*u - 16 + 9 = 0, 0 = 2*i + 2*u - 8. Let x be ((-22)/(-77))/i - 982/(-7). What is the greatest common factor of x and 14?
14
Let g = 12778 - 12754. What is the greatest common divisor of 568 and g?
8
Let g(v) = -4 - 6*v + 11*v + 0*v. Let s be g(7). Suppose -11*l - 5*l + 2976 = 0. Calculate the highest common factor of s and l.
31
Let j(u) be the third derivative of u**6/120 + u**5/5 + u**4/12 + 10*u**3/3 + u**2 - 28*u. Let y be j(-6). Calculate the greatest common divisor of y and 64.
32
Let s(i) = -2*i - 4. Let b be s(-3). Suppose -10*l + 23 = -17. Suppose l*j - 88 = -b*g, g + 2*g + 2*j = 140. Calculate the highest common factor of g and 12.
12
Let c(d) = -d**3 - 63*d - 28. Let y be c(-7). What is the highest common factor of 864 and y?
108
Suppose h + 38 = 39, 0 = 5*w + 4*h - 9924. Calculate the greatest common factor of 512 and w.
64
Let o(b) = -13*b + 6. Let a be 12/(-3) + 1/1. Let y be o(a). What is the greatest common divisor of y and 18?
9
Let m(k) = 2*k**3 + 2*k**2 - 18*k + 15. Let i be m(5). Let v(t) = -t**3 - 4*t**2 - 8*t - 5. Let h be v(